{"id":168,"date":"2021-12-24T07:32:14","date_gmt":"2021-12-24T06:32:14","guid":{"rendered":"https:\/\/testnutrivitalite.wordpress.com\/?page_id=168"},"modified":"2021-12-24T07:32:14","modified_gmt":"2021-12-24T06:32:14","slug":"des-temoignages","status":"publish","type":"page","link":"https:\/\/nutrivitalite.be\/?page_id=168","title":{"rendered":"Des t\u00e9moignages"},"content":{"rendered":"\n<p>Tant qu&rsquo;\u00e0 cuisiner, autant le faire en \u00e9tant attentif au choix des aliments ou aux m\u00e9thodes de cuisson de mani\u00e8re \u00e0 pr\u00e9server son capital&nbsp; sant\u00e9 et celui de sa famille. C&rsquo;est ce que je me suis dit en m&rsquo;inscrivant aux ateliers d&rsquo;Anne.<\/p>\n\n\n\n<p>En effet, Anne propose des ateliers conviviaux qui abordent diff\u00e9rents th\u00e8mes li\u00e9s \u00e0 la nutrition. J&rsquo;ai d\u00e9couvert entre autre comment cuisiner correctement les l\u00e9gumineuses afin de profiter pleinement de tous les bienfaits que nous apportent ces aliments.\u00a0 Manger sainement, voil\u00e0 ce que Anne nous apprend avec passion dans ses ateliers. Chacun de ceux-ci est pr\u00e9c\u00e9d\u00e9 d&rsquo;un \u00e9clairage scientifique qui met en avant les avantages et les int\u00e9r\u00eats des ingr\u00e9dients utilis\u00e9s. Et, cerise sur le g\u00e2teau, tous les plats que nous r\u00e9alisons puis d\u00e9gustons ensemble r\u00e9jouissent les papilles.<\/p>\n\n\n\n<p>Anne-Marie &#8211; 6\/1\/2022<\/p>\n\n\n\n<p>*****<\/p>\n\n\n\n<p>J\u2019ai d\u00e9couvert cet \u00e9t\u00e9 2021 la cuisine d\u2019Anne et \u00e9t\u00e9 s\u00e9duite par sa diversit\u00e9 gustative et nutritionnelle. Elle m\u2019a ouvert des portes&#8230;<\/p>\n\n\n\n<p>Cela m\u2019a donn\u00e9 envie de participer \u00e0 ses ateliers. Je suis ravie de les suivre, qualit\u00e9, convivialit\u00e9, informations, cr\u00e9ativit\u00e9 et savoir faire sont au rendez-vous. De plus, on repart de ses ateliers avec des recettes o\u00f9 la magie des go\u00fbts et associations op\u00e8rent ! <\/p>\n\n\n\n<p>Je vous recommande chaleureusement de les suivre.<\/p>\n\n\n\n<p>Merci Anne.<\/p>\n\n\n\n<p>Michou &#8211; 20\/1\/2022<\/p>\n\n\n\n<p>*****<\/p>\n\n\n\n<p>Je suis une fid\u00e8le des ateliers nutritionnels d\u2019Anne depuis \u2026 le d\u00e9but.<\/p>\n\n\n\n<p>Sensibilis\u00e9e depuis longtemps \u00e0 la corr\u00e9lation entre nutrition saine et bonne sant\u00e9, les informations donn\u00e9es par Anne au fil de ces rendez-vous ajoutent de pr\u00e9cieux enseignements sur comment, par son alimentation, veiller au mieux sur sa sant\u00e9 et se pr\u00e9munir &#8211; autant que faire se peut \u2013 contre les maladies dites de civilisation et le vieillissement.<\/p>\n\n\n\n<p>A chaque fois, le souper pr\u00e9par\u00e9 ensemble sous la conduite d\u2019Anne, qui a cr\u00e9\u00e9 le menu (une entr\u00e9e, un plat et un dessert) et rassembl\u00e9 des ingr\u00e9dients bio de premi\u00e8re fra\u00eecheur, est un festival de saveurs go\u00fbteuses, digestes et originales digne des plus grands chefs (!) et en plus un r\u00e9el plaisir pour les yeux. On se r\u00e9gale&nbsp;! Et on repart avec des recettes \u00e0 faire se p\u00e2mer ses invit\u00e9s quand on les reproduit&nbsp;!<\/p>\n\n\n\n<p>Jacqueline &#8211; 15\/12\/2021<\/p>\n\n\n\n<p>*****<\/p>\n\n\n\n<p><\/p>\n\n\n\n<p>J\u2019ai particip\u00e9 \u00e0 deux soir\u00e9es du cycle des ateliers nutritionnels anim\u00e9s par Anne.<\/p>\n\n\n\n<p>Quelle agr\u00e9able surprise&nbsp;! Les informations m\u00e9dicales donn\u00e9es m\u2019ont apport\u00e9 un point de vue diff\u00e9rent sur certains sujets et ont \u00e9t\u00e9 suivies par des sensations gustatives tout-\u00e0-fait inattendues au moment de passer \u00e0 table.<\/p>\n\n\n\n<p>J\u2019ai \u00e9t\u00e9 \u00e9tonn\u00e9e par la recherche des ingr\u00e9dients et la qualit\u00e9 des plats propos\u00e9s. Un vrai d\u00e9lice&nbsp;!<\/p>\n\n\n\n<p>Anne, une h\u00f4tesse d\u2019exception, capable de mener un groupe de 12 femmes en cuisine avec son calme, sa comp\u00e9tence et son enthousiasme. C\u2019est tout dire&nbsp;!<\/p>\n\n\n\n<p>Une exp\u00e9rience \u00e0 r\u00e9p\u00e9ter. Merci pour cette jolie d\u00e9couverte&nbsp;!<\/p>\n\n\n\n<p>Silvia \u2013 3\/4\/2018<\/p>\n","protected":false},"excerpt":{"rendered":"<p>Tant qu&rsquo;\u00e0 cuisiner, autant le faire en \u00e9tant attentif au choix des aliments ou aux m\u00e9thodes de cuisson de mani\u00e8re \u00e0 pr\u00e9server son capital&nbsp; sant\u00e9 et celui de sa famille. C&rsquo;est ce que je me suis dit en m&rsquo;inscrivant aux ateliers d&rsquo;Anne. En effet, Anne propose des ateliers conviviaux qui abordent diff\u00e9rents th\u00e8mes li\u00e9s \u00e0&#8230; <\/p>\n<div class=\"link-more\"><a href=\"https:\/\/nutrivitalite.be\/?page_id=168\">En savoir plus<\/a><\/div>\n","protected":false},"author":1,"featured_media":208,"parent":47,"menu_order":1,"comment_status":"closed","ping_status":"closed","template":"","meta":{"spay_email":""},"_links":{"self":[{"href":"https:\/\/nutrivitalite.be\/index.php?rest_route=\/wp\/v2\/pages\/168"}],"collection":[{"href":"https:\/\/nutrivitalite.be\/index.php?rest_route=\/wp\/v2\/pages"}],"about":[{"href":"https:\/\/nutrivitalite.be\/index.php?rest_route=\/wp\/v2\/types\/page"}],"author":[{"embeddable":true,"href":"https:\/\/nutrivitalite.be\/index.php?rest_route=\/wp\/v2\/users\/1"}],"replies":[{"embeddable":true,"href":"https:\/\/nutrivitalite.be\/index.php?rest_route=%2Fwp%2Fv2%2Fcomments&post=168"}],"version-history":[{"count":0,"href":"https:\/\/nutrivitalite.be\/index.php?rest_route=\/wp\/v2\/pages\/168\/revisions"}],"up":[{"embeddable":true,"href":"https:\/\/nutrivitalite.be\/index.php?rest_route=\/wp\/v2\/pages\/47"}],"wp:featuredmedia":[{"embeddable":true,"href":"https:\/\/nutrivitalite.be\/index.php?rest_route=\/wp\/v2\/media\/208"}],"wp:attachment":[{"href":"https:\/\/nutrivitalite.be\/index.php?rest_route=%2Fwp%2Fv2%2Fmedia&parent=168"}],"curies":[{"name":"wp","href":"https:\/\/api.w.org\/{rel}","templated":true}]}}